der when 1948 is divided by 20?
8
Calculate the remainder when 845 is divided by 663.
182
What is the remainder when 3214 is divided by 422?
260
Calculate the remainder when 4878 is divided by 175.
153
Calculate the remainder when 20535 is divided by 126.
123
What is the remainder when 13832 is divided by 53?
52
What is the remainder when 227088 is divided by 153?
36
Calculate the remainder when 31073 is divided by 3883.
9
What is the remainder when 27435 is divided by 202?
165
What is the remainder when 187911 is divided by 22?
9
Calculate the remainder when 165803 is divided by 53.
19
What is the remainder when 106779 is divided by 122?
29
What is the remainder when 268228 is divided by 347?
344
Calculate the remainder when 2698 is divided by 837.
187
What is the remainder when 48934 is divided by 133?
123
What is the remainder when 152546 is divided by 4622?
20
What is the remainder when 25101 is divided by 12544?
13
What is the remainder when 2348 is divided by 10?
8
What is the remainder when 97787 is divided by 22?
19
What is the remainder when 14560 is divided by 621?
277
Calculate the remainder when 41832 is divided by 10307.
604
What is the remainder when 1006 is divided by 234?
70
Calculate the remainder when 205534 is divided by 7905.
4
What is the remainder when 406188 is divided by 623?
615
Calculate the remainder when 33314 is divided by 798.
596
Calculate the remainder when 6712 is divided by 95.
62
What is the remainder when 41559 is divided by 9?
6
Calculate the remainder when 3371 is divided by 1674.
23
Calculate the remainder when 2886 is divided by 47.
19
What is the remainder when 220827 is divided by 255?
252
Calculate the remainder when 1540 is divided by 499.
43
Calculate the remainder when 19319 is divided by 139.
137
What is the remainder when 729132 is divided by 199?
195
What is the remainder when 434399 is divided by 8?
7
Calculate the remainder when 187320 is divided by 12487.
15
What is the remainder when 20540 is divided by 2574?
2522
Calculate the remainder when 70519 is divided by 339.
7
What is the remainder when 4553 is divided by 752?
41
Calculate the remainder when 14139 is divided by 46.
17
What is the remainder when 150746 is divided by 172?
74
What is the remainder when 20416 is divided by 299?
84
What is the remainder when 710235 is divided by 1091?
1085
What is the remainder when 19370 is divided by 121?
10
What is the remainder when 13277 is divided by 1740?
1097
What is the remainder when 5968 is divided by 615?
433
What is the remainder when 2576 is divided by 608?
144
Calculate the remainder when 7569 is divided by 475.
444
What is the remainder when 132491 is divided by 364?
359
What is the remainder when 1157 is divided by 948?
209
What is the remainder when 13255 is divided by 1341?
1186
What is the remainder when 1692 is divided by 463?
303
What is the remainder when 4570 is divided by 1134?
34
Calculate the remainder when 198366 is divided by 261.
6
Calculate the remainder when 33490 is divided by 43.
36
What is the remainder when 13430 is divided by 12267?
1163
What is the remainder when 211449 is divided by 4698?
39
What is the remainder when 278962 is divided by 58?
40
What is the remainder when 73832 is divided by 134?
132
Calculate the remainder when 52334 is divided by 18.
8
Calculate the remainder when 93515 is divided by 31168.
11
Calculate the remainder when 4409 is divided by 79.
64
Calculate the remainder when 2186 is divided by 2057.
129
What is the remainder when 1461 is divided by 182?
5
What is the remainder when 492 is divided by 207?
78
Calculate the remainder when 57953 is divided by 597.
44
What is the remainder when 1430387 is divided by 179?
177
What is the remainder when 2013 is divided by 1892?
121
Calculate the remainder when 1930 is divided by 1001.
929
Calculate the remainder when 28316 is divided by 519.
290
What is the remainder when 64255 is divided by 102?
97
Calculate the remainder when 35359 is divided by 65.
64
Calculate the remainder when 4136 is divided by 119.
90
What is the remainder when 26653 is divided by 91?
81
What is the remainder when 18810 is divided by 784?
778
What is the remainder when 5278 is divided by 55?
53
What is the remainder when 3244 is divided by 248?
20
Calculate the remainder when 213120 is divided by 251.
21
Calculate the remainder when 44659 is divided by 163.
160
What is the remainder when 332961 is divided by 18?
15
Calculate the remainder when 7214 is divided by 2403.
5
What is the remainder when 1087 is divided by 577?
510
What is the remainder when 70183 is divided by 4?
3
What is the remainder when 525356 is divided by 55?
51
What is the remainder when 305232 is divided by 186?
6
Calculate the remainder when 5838 is divided by 4.
2
Calculate the remainder when 6631 is divided by 99.
97
What is the remainder when 81154 is divided by 11592?
10
Calculate the remainder when 74278 is divided by 28.
22
Calculate the remainder when 4589 is divided by 2261.
67
What is the remainder when 177576 is divided by 65?
61
What is the remainder when 28454 is divided by 1097?
1029
Calculate the remainder when 2565 is divided by 98.
17
What is the remainder when 48483 is divided by 1186?
1043
Calculate the remainder when 32043 is divided by 98.
95
Calculate the remainder when 14805 is divided by 14805.
0
Calculate the remainder when 17039 is divided by 22.
11
Calculate the remainder when 2274 is divided by 807.
660
Calculate the remainder when 28311 is divided by 280.
31
Calculate the remainder when 9741 is divided by 9739.
2
Calculate the remainder when 7997 is divided by 124.
61
What is the remainder when 332988 is divided by 332947?
41
What is the remainder when 184627 is divided by 22?
3
Calculate the remainder when 743324 is divided by 144.
140
What is the remainder when 2627 is divided by 901?
825
What is the remainder when 158198 is divided by 198?
194
What is the remainder when 85428 is divided by 108?
0
Calculate the remainder when 39966 is divided by 17.
16
What is the remainder when 202264 is divided by 6972?
76
Calculate the remainder when 2206 is divided by 270.
46
Calculate the remainder when 8785 is divided by 87.
85
Calculate the remainder when 902 is divided by 654.
248
What is the remainder when 731 is divided by 46?
41
What is the remainder when 10887 is divided by 173?
161
What is the remainder when 78309 is divided by 156?
153
What is the remainder when 244614 is divided by 345?
9
What is the remainder when 96205 is divided by 19239?
10
Calculate the remainder when 4218 is divided by 3967.
251
Calculate the remainder when 67610 is divided by 1733.
23
What is the remainder when 189060 is divided by 1011?
3
What is the remainder when 17889 is divided by 8794?
301
What is the remainder when 1941 is divided by 388?
1
Calculate the remainder when 10122 is divided by 66.
24
Calculate the remainder when 70138 is divided by 378.
208
What is the remainder when 180884 is divided by 20097?
11
Calculate the remainder when 684 is divided by 36.
0
What is the remainder when 923 is divided by 228?
11
What is the remainder when 4336 is divided by 89?
64
What is the remainder when 11410 is divided by 12?
10
What is the remainder when 37283 is divided by 37172?
111
Calculate the remainder when 35798 is divided by 235.
78
Calculate the remainder when 738149 is divided by 37.
36
Calculate the remainder when 606339 is divided by 20.
19
What is the remainder when 5071 is divided by 2444?
183
Calculate the remainder when 1435 is divided by 22.
5
What is the remainder when 6819 is divided by 427?
414
Calculate the remainder when 65519 is divided by 21838.
5
Calculate the remainder when 44518 is divided by 4939.
67
What is the remainder when 5549 is divided by 711?
572
What is the remainder when 27183 is divided by 132?
123
Calculate the remainder when 3238 is divided by 102.
76
Calculate the remainder when 7105 is divided by 99.
76
What is the remainder when 12135 is divided by 451?
409
Calculate the remainder when 2855 is divided by 254.
61
What is the remainder when 229565 is divided by 59?
55
What is the remainder when 254525 is divided by 199?
4
Calculate the remainder when 1986 is divided by 43.
8
Calculate the remainder when 233 is divi